be a(7). Suppose -d + 21 = -v. What are the prime factors of d?
3, 5, 7
Suppose -12*p - 3*p - 9195 = 0. List the prime factors of (p + -13)/((-6)/3).
313
Let q = 599 + -592. Suppose 66 = -q*i + 346. List the prime factors of i.
2, 5
Let i(z) = -17906*z - 553. List the prime factors of i(-1).
7, 37, 67
Suppose 4*c = 24, -4*c + 1559 = 2*u - 1839. What are the prime factors of u?
7, 241
Let z(o) = 948*o**3 - 12. What are the prime factors of z(2)?
2, 3, 631
Let t = 371 + -184. Suppose 0 = 2*n + w + 219, 2*n + 63 = 2*w - 165. Let x = t + n. List the prime factors of x.
2, 19
Let u = 731 - 170. Suppose 3*q = 8*q - 30. Suppose -9*i = -q*i - u. What are the prime factors of i?
11, 17
Suppose -21*c = -6535 - 46028. What are the prime factors of c?
2503
Suppose -4*p - 5*g + 79339 = -62176, 0 = 5*p + 2*g - 176864. List the prime factors of p.
2, 3, 5, 131
Let t = -442 - -456. Suppose 0 = t*u + 5558 - 17794. List the prime factors of u.
2, 19, 23
Suppose 17443 = k - r, -11*k = -13*k - r + 34874. What are the prime factors of k?
3, 5813
Suppose -5*y + 3*n = 2*n - 170334, -34065 = -y + 2*n. What are the prime factors of y?
11, 19, 163
Let y = 8359 - 7803. List the prime factors of y.
2, 139
Let f = 1987 + -1207. Let i = 1111 - f. What are the prime factors of i?
331
Let w = -155 - -159. List the prime factors of (-2)/(w/(-1512)*2).
2, 3, 7
Let f(y) be the third derivative of 13*y**4/12 + 5*y**3 + 8*y**2. Let k be f(6). Suppose -3 = g - k. List the prime factors of g.
3, 61
Suppose 5*j = 5*w + 90, 3*j - w = 4*w + 60. Let h be ((-9)/j + -3)*(-30)/(-9). What are the prime factors of (h/16)/(4/(-16))?
3
Let m(r) = 2*r + 35. Let u be m(-16). Let n(s) = -15*s + 6. Let k be n(-6). Suppose -2*a + 151 = -q + 6*q, -k = -3*q - u*a. List the prime factors of q.
29
Let w(p) = -13*p**3 + 5*p**2 + 250*p + 48. What are the prime factors of w(-12)?
2, 3, 281
Let m(r) = 2*r + 25 + 6 - 3. Let v be m(-16). Let d(w) = w**2 + w + 5. List the prime factors of d(v).
17
Suppose -8*z + 19775 + 44577 = 0. List the prime factors of z.
2, 2011
Let x = 42018 - 21580. What are the prime factors of x?
2, 11, 929
Let x(n) = 3*n**2 + 108*n + 1872. What are the prime factors of x(-18)?
2, 3, 5
Let d(r) = 1339*r**2 - 42*r + 11. What are the prime factors of d(6)?
47963
Let n = 11176 - -11469. What are the prime factors of n?
5, 7, 647
Let f(c) = c**2 - 2*c + 3. Let s be f(0). Let r(u) = 85*u**s - 3 + 5 - 3*u + 3*u - u**2. What are the prime factors of r(1)?
2, 43
Let m = -10203 + 17204. What are the prime factors of m?
7001
What are the prime factors of (-4)/3*-4*(-32)/(128/(-23721))?
2, 7907
Let t(z) = -11818*z - 1985. List the prime factors of t(-2).
3, 7, 1031
Let i = -108 - -304. Suppose -5*g + 168 = 3*w, 5*g - 7*w + 3*w = i. List the prime factors of g.
2, 3
Let p = 121967 - 84964. What are the prime factors of p?
37003
Let r = 122091 - 85519. List the prime factors of r.
2, 41, 223
Let n = -15267 - -22627. What are the prime factors of n?
2, 5, 23
Suppose 0 = 261*l - 276*l + 144315. List the prime factors of l.
3, 1069
Suppose 38*m + 3 = 307. Suppose -2*y + 5*f = -3656, -9140 = -13*y + m*y + 2*f. List the prime factors of y.
2, 457
Suppose 435718 + 674106 = 226*s - 1959934. What are the prime factors of s?
17, 47
Let y(g) be the second derivative of -g**4/12 + 199*g**2 - 3*g - 2. List the prime factors of y(0).
2, 199
Let w(v) = 34*v**3 + 3*v**2 - 5*v + 5. Suppose 9 = -3*b, p = 2*p + 3*b + 7. List the prime factors of w(p).
3, 31
Let b(d) = 2*d + 7. Let i be b(-2). Let g be (-314)/(2 - i) - 0. Suppose 4*a = 126 + g. List the prime factors of a.
2, 5, 11
Suppose 0 = 5*p - 5*h - 369805, -359*p = -357*p + 3*h - 147907. List the prime factors of p.
2, 36979
Suppose 2 = n, -4*n + 2258 = 30*p - 27*p. List the prime factors of (36/20)/(18/p).
3, 5
Suppose -18*f = -14*f + 3*i - 127942, -2*f + 4*i + 63960 = 0. List the prime factors of f.
2, 1999
Suppose 10*g - 2*j - 28558 = 5*g, 5*j - 30 = 0. What are the prime factors of g?
2, 2857
Suppose 20*h + 45026 = 5*h + 134051. What are the prime factors of h?
5, 1187
Let y(r) = 9*r**3 - 2*r**2 - 2. Let h be y(2). Let p be ((8 - 6) + -3)/(10/790). Let n = h - p. List the prime factors of n.
3, 47
Let u = -24 - -47. Let c(f) = f**2 - 15*f - 50. What are the prime factors of c(u)?
2, 67
Let v(a) = a**3 - a**2 + 4*a - 10. Let p be v(4). Suppose -5*x - 53 = -2*z + z, -4*x - 5*z - p = 0. Let d = 85 - x. List the prime factors of d.
2, 3
Suppose 0 = -4*d - 115*x + 119*x + 12936, -2*x = 2*d - 6492. List the prime factors of d.
2, 3, 5
Suppose 306512 = 5*y + 4*d, -5*d + 183915 = -98*y + 101*y. What are the prime factors of y?
2, 5, 613
Suppose 0 = 4*a - 29*p + 25*p - 34348, 5*a + 4*p = 42971. List the prime factors of a.
11, 71
Let g(o) = 32*o**2 + 51*o - 92. What are the prime factors of g(-27)?
21859
What are the prime factors of (5069 - -2) + 35 + -28 + 1*-7?
11, 461
Let o be 5 + 0/3 + -2. Suppose 0 = -5*q + 20, -o*w + 1869 = -2*q - 1885. List the prime factors of w.
2, 3, 11, 19
Let g(p) = 225*p + 1066. List the prime factors of g(152).
2, 7, 11, 229
Suppose 200 = -7*z + 3336. Suppose 5*y - 10 = 0, -z - 20 = -o - 5*y. What are the prime factors of o?
2, 229
What are the prime factors of (-36)/3 + 1505 + 62?
5, 311
Let f(g) = -188*g + 3327. What are the prime factors of f(-121)?
5, 7, 149
Let h(c) = -c**3 - 2*c**2 - 10*c - 47. Let o = -77 - -69. What are the prime factors of h(o)?
3, 139
Let r = 723 - 712. Suppose r*k - z = 15*k - 3020, 0 = -k + 5*z + 776. What are the prime factors of k?
2, 3, 7
Let x(u) = u**3 - 7*u + 4. Let z be x(2). Let o be (-8 + 3 - -6) + 10/z. What are the prime factors of 1124/6 - (o + 13/3)?
11, 17
Suppose 144 = 208*a - 202*a. Suppose 6*s = -a*s + 35730. What are the prime factors of s?
3, 397
Let s = -7819 + 14281. What are the prime factors of s?
2, 3, 359
Let d be (-1)/(24/40 + (-3)/30). What are the prime factors of (24/36)/(2/(-4098)*d)?
683
Let k be 0*(-5)/(-35)*7. Suppose -5*s - 569 = -y, k = 3*y + 2*s - s - 1659. What are the prime factors of y?
2, 277
Let b(j) = 6*j**2 + 18*j + 88. Let x be b(-11). Suppose 2*y = -2*y + x. List the prime factors of y.
2, 7, 11
Suppose 0 = 2*r + 2*l + 22 - 4, 0 = -2*r + l - 15. What are the prime factors of ((-52)/r)/13*892?
2, 223
Let x = -9988 + 17984. What are the prime factors of x?
2, 1999
Let u(j) = -3*j**3 - 45*j**2 - 50*j - 56. List the prime factors of u(-18).
2, 5, 47
Let u(n) be the first derivative of n**4/4 + 13*n**3/3 - 10*n**2 + 6*n + 1. Let f be u(-13). List the prime factors of f/(-19)*(0 + -4).
2, 7
Suppose -478 = 3*x - 2872. Suppose -40*a + 33*a = -x. List the prime factors of a.
2, 3, 19
Let f be 18*(-2)/8*2. Let x(h) = 14*h + 33. Let a be x(f). List the prime factors of (-8)/((-6)/a*-1).
2, 31
Suppose -9*b + 136694 = -4*b + 2*v, 27348 = b + 5*v. What are the prime factors of b?
2, 13669
Suppose 0 = -3*t + 3*d + 80130, -2*d + 106840 = 5*t - t. What are the prime factors of t?
2, 5, 2671
Let s be (2 + (-16)/6)/((-24)/80388). Suppose s = 3*d - 4*g - 1466, 0 = 5*d + 2*g - 6139. What are the prime factors of d?
1229
Suppose 10*w + 501 - 2091 = 0. Let i = w + 239. What are the prime factors of i?
2, 199
Let m be (-9)/3*4/(-6). Let p be 4/30 + m/(-45)*-1527. Let t = p + -58. List the prime factors of t.
2, 5
Let n be (-6)/(-4) + (-1 - (-1551)/(-6)). Let r be (4/16 - n/(-8)) + 3. Let f = 76 + r. What are the prime factors of f?
47
What are the prime factors of (-4)/7 - -1 - 4007832/(-287)?
3, 5, 7, 19
Let i(p) be the third derivative of -1/2*p**3 + 0 + 0*p + 21*p**2 - 1/24*p**4 + 1/60*p**6 - 1/30*p**5. List the prime factors of i(4).
89
Let h = -2653 - -5107. List the prime factors of h.
2, 3, 409
Let r(w) = 2079*w - 26865. Let h(y) = 31*y - 401. Let j(b) = 135*h(b) - 2*r(b). List the prime factors of j(43).
2, 3, 7
Let f(y) = -2*y + 1. Let r(a) = 49*a + 14. Let p(m) = 6*f(m) + 3*r(m). What are the prime factors of p(4)?
2, 3, 7
Let j(g) = -2*g**2 - 12*g + 6. Let k = 19 + -25. Let p be j(k). What are the prime factors of 1183/39 + (-2)/p?
2, 3, 5
Let j(g) = g**3 + 13*g**2 - 10*g + 59. Let o be j(-14). List the prime factors of ((-2)/o)/((-197946)/(-16497) + -12).
13, 47
What are the prime factors of 0/1 + 2022874/42 - 212/(-159)?
3, 5, 13, 19
Let t(w) = 1751*w - 3786. What